- 3)/(15/(36210/(-4))). Calculate the greatest common divisor of s and 5.
5
Let v = -15 - -549. Let p = -9 - -15. Calculate the greatest common factor of p and v.
6
Let o(w) = -w**3 - 17*w**2 - 16*w - 37. Let g be o(-16). Let b = g + 61. Let x be 56/(-6)*(-36)/b. Calculate the highest common divisor of x and 28.
14
Let f(y) = y**3 + 17*y**2 + 27*y + 10. Let b be f(-15). Let i(c) = 2*c + 28. Let r be i(-9). Calculate the highest common divisor of r and b.
5
Let p = -108 + 1758. Suppose -7*b - 8*b = -14*b - 15. What is the greatest common factor of b and p?
15
Let u(z) = -14*z + 14. Let f be u(-3). Let j(s) = s**2 - 17*s - 326. Let t be j(-17). What is the highest common factor of t and f?
28
Suppose 117*h - 1680 = 96*h. Calculate the greatest common factor of 1520 and h.
80
Suppose 642 = 5*p + 3*r, -3*r = -4*p - p + 618. Suppose 9 = -2*f - 31. Let g = f - -38. Calculate the greatest common divisor of g and p.
18
Let x(b) = b**3 + 36*b**2 + 258*b - 7. Let u be x(-26). Calculate the greatest common divisor of 15 and u.
15
Suppose 4*w + 110 = 5*r + 2*w, -w = -r + 19. Let m be (-4 + 10)*96/36. What is the highest common factor of r and m?
8
Let r be -2*(6 + (-4 - -285))*-1. Calculate the greatest common divisor of r and 2378.
82
Let u(n) = 30*n**2 + 16*n - 502. Let b be u(10). What is the highest common divisor of 6 and b?
6
Let b be (-12)/(-3) - 2*24. Let k = b + 86. Suppose -331*s + 210 = -329*s. What is the greatest common factor of k and s?
21
Suppose -4*n + 3*h = -163, 0*h - 132 = -3*n - h. Let d = n - 83. Let k = 49 + d. Calculate the greatest common divisor of 27 and k.
9
Suppose 17 - 11 = 3*y. Let p be (((-2)/1)/y)/(9/(-1242)). Suppose -4*h - 5*d = h - 340, -d + p = 2*h. What is the highest common divisor of 105 and h?
35
Let k be (-12708)/(-21) + -12 + (-913)/(-77). Let q = 57 + -2. Calculate the greatest common factor of q and k.
55
Let v(r) = 10*r - 47. Suppose 15*c - 2*c = 117. Let o be v(c). Suppose 41*t - o*t = -24. What is the greatest common divisor of t and 8?
4
Suppose -2*r - 299 = -372 - 993. What is the greatest common factor of 104 and r?
13
Let s be 102*1*(-165)/10. Let v be ((-4)/(-3))/(-5 - 8421/s). What is the highest common divisor of 22 and v?
22
Let z(s) = 57*s - 426. Let k be z(8). Suppose -1819 = -2*y + 581. Suppose -y = -3*u - u. What is the highest common factor of u and k?
30
Let r be -13*(-4)/(-8)*2. Let o = r - 31. Let h = o + 62. Calculate the greatest common factor of h and 162.
18
Suppose 16 = n + 3*l, -5*n - 86 + 132 = -2*l. Let z(q) = 10*q + 10. Let s be z(7). What is the highest common factor of n and s?
10
Let f = 481 - 461. Suppose -1 = -2*n + 5. Suppose -n*w + 7*w = 200. What is the greatest common factor of f and w?
10
Let g(c) = -c**3 + 36*c**2 - 66*c - 43. Let a be g(34). What is the greatest common factor of a and 955?
5
Let j = 107 - -32. Suppose -5*m = -5*p + 265, 3*p - 3*m + 4*m = j. What is the highest common factor of 16 and p?
16
Let t = 343 - 349. Let a be (9/t)/((-15)/260). Calculate the highest common divisor of 65 and a.
13
Let s(m) = 11*m + 139. Let d(h) = h + 1. Let n(p) = -2*d(p) + s(p). Let t be n(-9). Calculate the greatest common divisor of t and 42.
14
Suppose -16*d + 5*d = -99. Let f be 4/d*(-42 + 51). What is the greatest common divisor of f and 1?
1
Let g(k) = k**3 + 8*k**2 + k - 20. Let t be g(-7). Suppose 354 = t*c - 174. What is the highest common factor of 12 and c?
12
Let k(u) = -19*u + 288. Let s be k(0). Suppose -110*i = -104*i - s. What is the greatest common divisor of i and 432?
48
Let o be (153 - 138) + (-6207)/(-1). What is the greatest common factor of o and 204?
102
Let x = 430 - 195. Suppose -5*p = t - 481, -4*p + 333*t + 354 = 331*t. What is the highest common divisor of p and x?
47
Let r be (-12775)/(-350) - 3/6. What is the highest common divisor of r and 3717?
9
Let a(s) = -387*s - 4531. Let p be a(-13). Calculate the highest common factor of 60 and p.
20
Suppose 6352 = 39*f - 23*f. What is the highest common factor of f and 1?
1
Let f = -5635 + 5929. What is the greatest common factor of 231 and f?
21
Let d(j) = -826*j + 144. Let f be d(-2). Calculate the highest common divisor of f and 4.
4
Let q be (-36 - -34)/(4/334). Let o = q + 188. What is the greatest common factor of o and 21?
21
Let p be 1/2*(-28)/(10 + 4)*-280. What is the highest common factor of p and 1288?
56
Let d = -1742 - -2417. Calculate the highest common factor of 50 and d.
25
Let r be ((-840)/(-350))/(4/(-850)). Let h = r + 534. What is the highest common factor of h and 312?
24
Suppose 0 = i - 6 - 4. Let h be -3*(2/5)/(12/200). Let g = h - -90. Calculate the highest common divisor of g and i.
10
Let c(m) = 2*m**2 + 3*m + 8. Let n be c(6). Suppose -5*r = 522*s - 520*s - 122, 4*s = 3*r - 120. Calculate the greatest common factor of r and n.
14
Suppose -215*r + 208*r + 21 = 0. Let n be r*-30*(-24)/72. What is the greatest common factor of 42 and n?
6
Suppose 100*f - 2224 - 1184 = -708. Let x(d) = 27*d. Let q be x(3). Calculate the highest common factor of f and q.
27
Let q(t) = 8*t - 2*t + 8 + 2*t. Let n be q(5). Suppose 0 = 2*z + 4*f - 10, -5*z + f + 8 = -2*z. What is the highest common factor of z and n?
3
Let o(b) = 25*b + 52. Let g be o(2). Calculate the highest common factor of 1156 and g.
34
Suppose 0 = -2*y - 4*k + 268, 4*y + k = -k + 524. Suppose -5*o + y = -70. Suppose -3*s + s = -o. Calculate the greatest common factor of 20 and s.
20
Let l(i) = -1 - 1 + i**2 - 16 + 0*i**2 + 9*i. Let s be l(-10). Let c be 1839/12 - 6/s. Calculate the greatest common factor of c and 22.
22
Suppose 4*r - 3052 = 3*f, 14*f = 13*f. Let y = 1904 - r. What is the highest common factor of y and 7?
7
Let b = -34 - -39. Suppose 4*d - 17 = -b. Suppose 0 = -3*r - 5*c + 132, -2*c + 6*c + 183 = 5*r. What is the greatest common divisor of d and r?
3
Suppose 86*k - 83*k = 14*c - 469, 0 = -2*c + 5*k + 99. What is the greatest common factor of c and 24?
8
Let f = -86 + 130. Suppose y = -5*v - 0*y + 38, 5*v + 3*y = f. Calculate the highest common factor of v and 315.
7
Suppose 28*v - 55 = 17*v. Suppose v = 15*m - 250. What is the greatest common factor of 629 and m?
17
Let s = -43 - -15. Let o be s/(-5)*(4 + (0 - -1)). What is the highest common divisor of 35 and o?
7
Let b be 8/(-100) - (-230656)/1325. Calculate the highest common factor of b and 5307.
87
Suppose 12 = -11*g + 8*g. Let x be 3 + 156 + 16/g. Suppose -3 = -3*h, -5*c - 3*h = 2*h - x. Calculate the highest common factor of c and 6.
6
Let r be 2 - (0 - (2 - 1)). Suppose -25*c = -27*c - 2*w + 230, -3*c - 4*w = -337. Calculate the greatest common factor of r and c.
3
Suppose 4*a = 2*y + 174, 3*y + 171 = -2*a + 6*a. Let k = 69 - a. Let i be 4/k + (-5)/(-6). Calculate the highest common factor of 11 and i.
1
Let p(w) = -2*w**2 + 173*w - 135. Let c be p(85). What is the greatest common factor of c and 24?
24
Let c be 6825/70 - 3/(-6). What is the highest common factor of 4753 and c?
49
Suppose -5*k + 0 + 5 = 0. Let u be (0*2/(-8))/(-3). Let f be (25 + u + -3)*(k + 0). What is the highest common divisor of 33 and f?
11
Let o be (0 - -5)/5 + 24. Let l = o + -9. What is the highest common divisor of 112 and l?
16
Let x(r) = 11*r**2 - 103*r + 553. Let g be x(18). What is the greatest common factor of 146 and g?
73
Suppose 1314*h - 480*h + 2194462 = 7486192. Calculate the highest common divisor of 189 and h.
27
Let p = -35508 - -40218. Calculate the highest common factor of 30 and p.
30
Suppose 4*n + 75 = 5*k - 353, -79 = -k + 3*n. Let f(d) = 4*d + 14. Let p be f(13). Calculate the highest common factor of p and k.
22
Let y be (-656)/44 + 15 - (-2)/33*15. Suppose 3*o = -o + 32. Calculate the greatest common factor of o and y.
1
Suppose 2*o + k = 424, -3*k + 233 = o + 21. What is the greatest common factor of 265 and o?
53
Let u be (-23)/(-69) - 178/(-6). Suppose 5*x - c - 37 = 0, 13*x - u = 9*x + c. Let i be 110/x + (-10)/(-35). Calculate the highest common factor of 16 and i.
16
Let a = 168 + 47. Let w = -180 + a. Suppose 5*n - 312 = 38. Calculate the highest common factor of w and n.
35
Let r(q) = 2*q**3 - 16*q**2 - 8*q + 21. Let m be r(9). Let o = m - 98. What is the greatest common divisor of 195 and o?
13
Let k(t) = -11*t - 47. Let f be k(-3). Let p = 13 - f.